visor of 76 and t?
19
Let m(n) = -2*n**3 - 26*n**2 - 4*n - 20. Let s = -151 + 138. Let r be m(s). Calculate the highest common divisor of 112 and r.
16
Let q = 475 + -472. Suppose q = -5*n + 123. Calculate the greatest common factor of n and 408.
24
Let o be (-4)/10 + (-1572)/(-30). Suppose 9*r + 4 = 11*r. Let k = r - -11. What is the greatest common factor of o and k?
13
Let v(c) = 21*c**2 - 65*c + 242. Let t be v(7). Calculate the highest common factor of t and 782.
34
Let q = -317 + 1913. What is the greatest common factor of q and 6?
6
Suppose -15*z - 5*z + 21620 = -48380. Calculate the highest common divisor of 280 and z.
140
Suppose 19*m - 13*m = 432. Suppose 5*k = 3*a - 43, 0 = 2*a + 4*k - 6*k - 30. Suppose -f + a = f. Calculate the greatest common factor of f and m.
8
Suppose 676 = 6*d - 716. What is the highest common factor of 3364 and d?
116
Suppose -12*t - 257 + 1325 = 0. Suppose -86*n = -t*n + 51. What is the greatest common factor of n and 85?
17
Let w be ((-248)/(-14))/(112/3136). What is the greatest common divisor of w and 372?
124
Suppose -i + 14 = -3*f, f - 1 = 3. Let o be 290 - (-21)/((-126)/24). Calculate the highest common factor of i and o.
26
Let o(w) = -1277*w**3 - 22*w**2 - 6*w - 14. Let v be o(-2). What is the greatest common factor of v and 183?
61
Let x = -3308 + 3392. Calculate the greatest common divisor of x and 644.
28
Suppose -54*d - 42*d = -48000. Calculate the highest common divisor of d and 1125.
125
Let n be 2745/18 + 1/(-2). Let g = 165 - n. What is the greatest common divisor of g and 52?
13
Let a = 140881 - 140816. Let n(h) = -2*h**3 - h**2 + h + 1. Let l be n(-1). Let k be l/(-1 + 0)*-13. What is the highest common factor of a and k?
13
Let j be (-2)/15 + 3*2 + (-5962)/(-165). What is the greatest common divisor of 7728 and j?
42
Let r be ((-6)/9 - (-1270)/15) + -27 + 22. What is the greatest common factor of 9559 and r?
79
Suppose -3*l + 2*s = -2*l - 33, -4*l = -5*s - 123. Let o = 37 + l. Calculate the highest common factor of 352 and o.
32
Suppose 9*o = 10*o - 72. What is the highest common divisor of o and 441?
9
Let z = -16 - -17. Suppose -5*t = -5*u + 50, -t + 5*u = 2*t + 20. Let h be z + 3/(-9)*t. Calculate the greatest common factor of h and 30.
6
Let d be (16 - -2)/((-216)/(-576)). Let s be ((-2)/(-4))/(2/16). What is the highest common divisor of d and s?
4
Let r = 1733 + -1148. Suppose 0*x = -4*d + 5*x + 425, 141 = 2*d + 3*x. Calculate the highest common divisor of r and d.
45
Let f = 8 + -6. Let t be 80 + (0 - (-2 + f)). Let l(c) = -33*c + 241. Let h be l(7). What is the highest common divisor of h and t?
10
Let y(t) = -138*t - 2. Let n be y(-1). Let h(p) = -2*p**3 - 12*p**2 - 2*p - 95. Let o be h(-7). What is the greatest common factor of n and o?
17
Let o(f) = -f**2 - 33*f - 114. Let w be o(-7). What is the greatest common divisor of w and 2924?
68
Suppose -64*n = -61*n - 12. Suppose -5*d = -4*p + 39, -19 = -n*d + 1. What is the greatest common divisor of p and 12?
4
Let s = -7659 + 11390. What is the highest common factor of s and 91?
91
Let d(i) = 24*i - 81. Let a be d(4). Suppose 0 = z + 10*x - 7*x - 185, -3*x = a. Calculate the greatest common factor of z and 250.
50
Suppose -5*j + n + 31821 = -n, 3*j = n + 19092. Suppose 8*g = -13*g + j. What is the highest common divisor of g and 3?
3
Let b be 1631*(4/(-12)*6 - -3). What is the greatest common divisor of b and 7?
7
Suppose -4*w - 782 = 5*j, 24*j - 2*w = 29*j + 776. Let k = 354 + j. Let n = -31 - -71. What is the greatest common divisor of n and k?
40
Let y be -43 - -49 - (-1)/(3/354). Calculate the greatest common divisor of y and 4.
4
Suppose 1552 = 10*b + 652. What is the greatest common factor of b and 315?
45
Suppose -7*b = 19 + 44. Let g be 2 - b/7 - (-10)/(-35). Let o be (-3*g/(-18))/((-1)/(-96)). What is the greatest common divisor of o and 36?
12
Let o(g) = g**3 + 9*g**2 + g + 29. Let n = 12 - -28. Suppose -9*l = 121 - n. Let f be o(l). What is the highest common divisor of 180 and f?
20
Let h = 40422 - 40364. Suppose i + a = 3*i - 1560, 2*a - 2354 = -3*i. Let f = i - 260. Calculate the highest common divisor of h and f.
58
Let k be (((-18)/(-8))/(3/31))/(1/184). What is the highest common factor of k and 1242?
138
Let n = 1824 - 1545. Calculate the greatest common divisor of 186 and n.
93
Let w = 9551 + -9482. What is the highest common divisor of w and 1725?
69
Let w = -2068 - -2231. Calculate the highest common factor of w and 2.
1
Let p be 12 + 115*((-469)/(-35) - 13). Let x = 101 - 14. What is the greatest common factor of p and x?
29
Suppose -2*l = -y + 5*y + 10, 0 = 2*l - 2. Let r be (-2 + y)*(56/(-20))/7. Let x be (-1)/(-4) + (-47)/(-4). Calculate the highest common divisor of r and x.
2
Let g = 175 - 132. Let i be ((-35)/(-2))/(3/6). Let b = g - i. Calculate the highest common factor of 32 and b.
8
Suppose -n - 3*q + 17 = -6*q, -4*n - 3*q + 68 = 0. Suppose -n*m = -1138 - 86. What is the greatest common factor of 8 and m?
8
Let d(r) = -r**3 - 14*r**2 + 24*r - 3. Let a be d(-15). Let y be -4*(a/(-8) + (-10 - -6)). Let s = y + 56. What is the greatest common factor of s and 9?
3
Let w = -44 - 115. Let b = w - -103. Let j = -34 - b. Calculate the greatest common factor of j and 2.
2
Let t = 3023 - 108. What is the highest common factor of t and 22?
11
Suppose -14*v = -10*v - 96. Let t be (-1*(-1)/1)/1. Let j be ((-4)/30*-3)/(t/660). What is the highest common factor of v and j?
24
Let p be (-476)/(-17) + (-3 - 3). Suppose -2*a - 52 = -g, -p*g + 20*g = -a - 110. Suppose 0 = 5*c - 204 + 64. Calculate the highest common factor of g and c.
28
Let h(k) = 15*k + 1386. Let p be h(-73). What is the highest common divisor of p and 485?
97
Let a(k) = 24*k - 4. Suppose n - 5*g = -6 + 11, 0 = -n - g + 5. Let w be a(n). What is the highest common factor of 4 and w?
4
Suppose 9375 = 29*p + 73409 - 399187. What is the highest common factor of p and 7?
7
Suppose 2*m + 3*o - 1542 = 0, -2313 = -2*m - m - 3*o. Let a = m - 303. What is the greatest common factor of a and 52?
52
Let w(d) = 40*d + 243. Let i be w(4). Calculate the greatest common factor of 186 and i.
31
Let k(b) = -8*b - 490. Let h be k(-63). What is the greatest common factor of h and 112?
14
Suppose -2*p + 4*g + 128 = 0, 6*p + 2*g = 2*p + 286. Suppose 0 = f - p + 40. Calculate the highest common divisor of f and 45.
15
Let s be (-292)/7154 - (-13918)/49. Calculate the highest common factor of s and 72.
4
Let a = 2 - 1. Suppose 5*v - 22 - 53 = 0. Suppose -46 + 31 = -v*d. Calculate the greatest common divisor of d and a.
1
Let h = 116 + -108. Let n be 60 - (-8)/(h/(-5)). What is the greatest common divisor of 10 and n?
5
Let k(i) = 8*i**2 + 12*i - i**3 + 2*i**3 + 2630 - 2628. Let q be k(-4). What is the highest common divisor of 78 and q?
6
Suppose -5*d + 231 - 266 = 0, 5*j - d - 4277 = 0. Calculate the highest common divisor of 4 and j.
2
Suppose 0 = 2*n + 4*p - 56 + 16, 4*p = 5*n - 72. Let d = 321 + -319. Calculate the highest common factor of n and d.
2
Let v be 23*((-8)/(-1) + -5). Let u = 866 - 751. Calculate the highest common divisor of v and u.
23
Let p be (-18)/18*(100 + -1). Let f be (-94)/(-18) + 22/p. Suppose 3*d + 2*j - 1 = 0, -f*d + 11 = 6*j - 5*j. What is the greatest common factor of d and 39?
3
Suppose 17*l - 2*l = 2025. Suppose 0 = -4*p - 5*p - l. Let k be (-2)/p - 1415/(-75). What is the greatest common factor of k and 209?
19
Let h(n) = n**3 - 22*n**2 + 70*n + 38. Let z be h(18). Let c be ((-32)/5 - -2)/(15/(-75)). What is the greatest common divisor of z and c?
2
Let t be 40/6*6/4. Suppose -151 = -13*d + 18. Suppose d*c - 24 = 2. Calculate the greatest common factor of t and c.
2
Let g = -113 - -107. Let s be (-37)/g + (-5 - (-87)/18). Suppose 0 = -2*v - 3*b + 72 + 170, s = 3*b. Calculate the highest common factor of 295 and v.
59
Suppose -17794 = -4*v - q, 15 = -5*q - 15. Calculate the greatest common factor of 50 and v.
50
Suppose s = -2*u + 91, -6*s + 225 = 5*u - s. Suppose 97*x - 2112 = -4*x + 2534. What is the greatest common factor of x and u?
46
Let r(z) = -z**2 + 25*z + 3. Let l be r(20). Let m = 246 - l. Let i = m + -48. What is the greatest common divisor of 19 and i?
19
Suppose 2*i + 18 = -0*i. Let d(n) = n**3 + 8*n**2 - 10*n + 26. Let a b